, l = 2*b - 5*h + 20. Suppose 5*s - 140 = -o, b = -0*o + o - 5. List the prime factors of s.
3
Let t = -451 + 924. What are the prime factors of t?
11, 43
Let v = -671 + 1081. Suppose x + 136 = 2*m - m, 3*m - v = x. Let o = m - 98. List the prime factors of o.
3, 13
Let u(v) = v**3 - 2*v**2 - 3. Suppose 2*w = -0*w - 4. Let z be u(w). Let q = -6 - z. List the prime factors of q.
13
Suppose -c = f + 203, -812 = 10*f - 6*f + c. Let d = f - -388. What are the prime factors of d?
5, 37
Let y = 320 - -45. List the prime factors of y.
5, 73
Let b(w) = w**3 - 8*w**2 - 5*w + 5. Let i be b(8). List the prime factors of 106/3 - (i/(-15) - 2).
5, 7
Let h = -247 + 300. What are the prime factors of h?
53
Let z = -41 - -43. Suppose -z*v - 4*s - 62 = -312, -500 = -4*v + 5*s. List the prime factors of v.
5
Let w be (2 + -1)*9 - -4. Suppose -w*b = -8*b + 15. List the prime factors of 18 + (27/b)/(-3).
3, 7
Let w(c) = -13*c - 2. Let t be w(-1). Let l be t/(-33) - (-361)/3. Suppose 5*h - 415 + l = 0. What are the prime factors of h?
59
Suppose 0 = -12*b + 3*b + 819. Suppose -5*u + 2*u - 4*n = -253, -3*n + b = u. List the prime factors of u.
79
Let h = -1196 + 1606. What are the prime factors of h?
2, 5, 41
Let z = -19 - -22. Let o(v) = 1 - v**z - 3 + v + 3 + 2*v**2 - v**2. List the prime factors of o(-1).
2
Suppose 0 = 8*n - 2770 - 2182. List the prime factors of n.
619
Suppose 0 = 5*b - 2*b - 9. Suppose -5*m - 137 = -h, -h = m - b*m - 125. List the prime factors of h.
3, 13
Let b(y) = 770*y**2 + 10*y. What are the prime factors of b(1)?
2, 3, 5, 13
Suppose 567*o - 562*o - 14275 = 0. List the prime factors of o.
5, 571
Suppose 0 = -3*q - 73 + 1219. What are the prime factors of q?
2, 191
Suppose -2 = 2*a - 12. Suppose -a*g - 28 = 112. Let k = -13 - g. List the prime factors of k.
3, 5
Let r(k) be the third derivative of 2*k**5/15 - k**4/4 - 7*k**3/6 - 19*k**2. What are the prime factors of r(5)?
163
Let v be 46/14 + 6/(-21). Let x(c) = -8*c**2 - 5*c**2 - 4*c**3 + 2*c**2 - 12*c + 3*c**v - 12. List the prime factors of x(-10).
2
Let j = -78 + 132. Let k = j - -104. What are the prime factors of k?
2, 79
Let r(i) = 144*i**3 + 60*i - 130. List the prime factors of r(2).
2, 571
Suppose 4*h = 6*h - 82. Suppose c = -c - w + h, -5*w = -4*c + 103. What are the prime factors of c?
2, 11
Suppose 0*l + 3*l - 792 = 0. Suppose 0 = -4*x + c - 12, 8 - 11 = x - 4*c. List the prime factors of x - l/(8/(-2)).
3, 7
Suppose 2*p = 2716 + 1328. Suppose -10*j + p = 62. What are the prime factors of j?
2, 7
Suppose 4*w + 672 = 2*a + 3292, -3*a = -w + 665. List the prime factors of w.
653
Suppose 0 = -v + 5*v + 144. Let j = -18 - v. What are the prime factors of j?
2, 3
Suppose -4*n + n = -39. Let c(y) = -y + 1. Let m(k) = 2*k - 15. Let v(i) = -c(i) + m(i). What are the prime factors of v(n)?
23
Let p(c) = 2*c**2 - 17*c - 7. List the prime factors of p(-15).
2, 349
Let w = 22 + -1. Let b = -19 + w. List the prime factors of (b - 16)/((-6)/12).
2, 7
Let q(k) = 4*k**3 - k**2 - 7*k + 11. List the prime factors of q(2).
5
Let j(v) = -v**3 - 6*v**2 - 7*v - 6. Let n be j(-5). Suppose 2*u = -5*t - 25, n*u - 3*t + 5 = -4*t. Let s = u + 2. What are the prime factors of s?
2
Let o(c) = 7*c**3 + c**2 - c - 1. Let y be o(-1). Let q be ((-800)/(-30))/((-2)/y). Suppose -q = v - 6*v. What are the prime factors of v?
2
Suppose 1053 = 4*g + 173. Suppose -4*x = -9*x + g. List the prime factors of x.
2, 11
Let d be 6*4/(-16)*26. List the prime factors of (-306)/d + (-10)/(-65).
2
Let g(u) = 3*u**2 + 13*u - 3. Suppose 3 = -2*y + 3*y. List the prime factors of g(y).
3, 7
Suppose 12 = 5*w - 28. Let m be (-4)/24 + (931/(-6))/(-7). Let o = m - w. What are the prime factors of o?
2, 7
Let n(m) = -m**2 - 14*m - 10. Let g be n(-13). Suppose 2*x - 5*d + 43 = 0, -g*x - 4*d = 60 + 16. Let p = 58 + x. What are the prime factors of p?
2, 17
What are the prime factors of (-253170)/(-84) + 3/42?
2, 11, 137
Let k(p) = -p**2 - 15*p + 21. Let f be k(-16). Suppose 0 = f*c - r - 262 + 38, -3*c = r - 136. What are the prime factors of c?
3, 5
Let r(l) = l**2 + 6. Let x(p) = 7*p - 6. Let h be x(5). Suppose -5*q + 4*u = h, -2*u - 12 = 3*q + u. What are the prime factors of r(q)?
31
Suppose 15 = 3*w - 6*w, 0 = z - 2*w - 1242. List the prime factors of z.
2, 7, 11
Let g = 8 - 6. Suppose -36 + 5 = -n - g*y, -y = -5. Suppose -5*j + n = -2*j. List the prime factors of j.
7
Suppose p - 8786 = -4*s, 3*s - 1945 = -p + 4645. List the prime factors of s.
2, 3, 61
Suppose 21*x - 7077 = -0*x. List the prime factors of x.
337
Let r(n) = -3*n + 10. Let x be r(5). Let m be ((-2)/x)/(7/70). Suppose -m*w + 282 = 2*w. List the prime factors of w.
47
Let b = 934 + -225. What are the prime factors of b?
709
Let b be 7/(((-6)/(-30))/((-52)/(-5))). Suppose -b = -0*o - 5*o + 4*g, -o + 72 = -g. What are the prime factors of o?
2, 19
Let o = 16 - 17. Let f(k) = -34*k - 1. List the prime factors of f(o).
3, 11
Let i = 2405 + -1501. What are the prime factors of i?
2, 113
Suppose 2*a - 228 = -3*h, -5*a - h - 14 = -610. What are the prime factors of a?
2, 3, 5
Let h = 3855 + -2077. List the prime factors of h.
2, 7, 127
Let n be (-4)/(-12) + (-24)/(-9). Suppose 36 = n*w + 12. List the prime factors of w.
2
Suppose -5*r - 7187 = -4*b, -3580 = -2*b - 41*r + 39*r. What are the prime factors of b?
11, 163
Suppose 5*s + 153 - 451 = -3*y, 0 = -3*s - 4*y + 181. What are the prime factors of s?
59
Let p = -73 + 76. Suppose -4*g - 270 = 3*u - 816, 2*g = -p*u + 270. List the prime factors of g.
2, 3, 23
Let f = 7 + 1. Let c be 6*4/f - 0. List the prime factors of (c - -18) + -6 + 2.
17
Let o = -156 - -505. What are the prime factors of o?
349
Let t(w) = -416*w + 165. List the prime factors of t(-13).
5573
Suppose 0 = -7*b + 325 - 66. Suppose c - 61 = -b. What are the prime factors of c?
2, 3
Let q(t) = t**3 + 28*t**2 - 9*t - 22. Let r = 112 - 140. List the prime factors of q(r).
2, 5, 23
Let a = 88 + -20. Suppose 5*b + a = -3*t + 359, 2*t = -5*b + 294. What are the prime factors of b?
2, 3, 5
Let r(k) = -3*k + 0 - 6*k - 2 + k. Let i = 9 + -10. What are the prime factors of r(i)?
2, 3
Suppose -y = 2*y - 66. Let h = 24 - y. Suppose 31 = v + h. List the prime factors of v.
29
Let k = 1 - 2. What are the prime factors of 57 + -1*(-2 - k)?
2, 29
Suppose 1510 = -19*x + 14*x. List the prime factors of -2*(-1)/(-4)*x.
151
Let r(k) = -8*k**2 - 4*k - 8. Let i be r(10). List the prime factors of (i/24)/(2/(-3)).
53
Let o be (4/(-6))/((-12)/90). Let v be (-1)/2 - 5/(-2). Suppose -o*b = -v*i - 64, -3*b + 2*i + 2*i + 44 = 0. List the prime factors of b.
2, 3
Suppose -3*a + 5 = -8*a. List the prime factors of 188*((-54)/24 - (a + -2)).
3, 47
Suppose -4*f = -4*t - 17 - 179, 0 = 3*f + 3*t - 141. Suppose f = 2*x + 4*y, 4*y = -3*x - 2*x + 132. What are the prime factors of x?
2, 7
Let s be (1 - 4)/((-2)/(-262)*-1). Let z = -218 + s. List the prime factors of z.
5, 7
Let x(v) = 93*v - 28. List the prime factors of x(3).
251
Let i(d) = 11*d**2 - 6*d - 12. Let t be i(6). Suppose -4*r + m + t = 0, -2*r + 3*m + 2*m + 174 = 0. List the prime factors of r.
3, 29
Let f(g) = -g**2 - 1. Let h(l) = 15*l**2 + 8*l + 5. Let p(d) = -4*f(d) + h(d). List the prime factors of p(-4).
281
Let l be 110/2 - 2 - 1. Suppose 3*x = -d + 1 + l, x - 121 = -2*d. List the prime factors of d.
2, 31
Let r(u) be the third derivative of 2/3*u**3 - 1/6*u**5 + 1/120*u**6 + 0 + 0*u + 1/12*u**4 + 10*u**2. List the prime factors of r(10).
2, 3
Suppose -3*i + 4*g + 6323 = 0, 5*i - 3*g - 1441 = 9079. What are the prime factors of i?
11, 191
Let v be (-1 - (10 - 1))/2*4. What are the prime factors of (288/v - -2)/((-3)/30)?
2, 31
Let w = 159 - 26. What are the prime factors of w?
7, 19
Suppose -2*m = -5*g - 213, 212 = -2*g - 3*g + 3*m. Let h be (-10 - -11)*(1 - 0). List the prime factors of (-3 + 1 - g)/h.
41
Suppose -i - 6 = -34. Suppose 5*z - 2*d - 41 = 0, -3*z + z + i = 5*d. Suppose 0 = -4*k + z*k - 155. What are the prime factors of k?
31
What are the prime factors of -34*(-5 - 91/14)?
17, 23
Let z = -402 + 1053. Let x = z + -449. What are the prime factors of (-8)/(-48) - x/(-12)?
17
Let y(u) = 4*u - 7. Let l be y(3). Suppose 4 = b + 3*b, 17 = n + l*b. List the prime factors of n.
2, 3
Let i = 22 - 17. Suppose -5*l 